 and 1752645?
15
Calculate the greatest common factor of 43020 and 13702348.
956
Calculate the highest common factor of 66903 and 27778587.
2307
Calculate the highest common factor of 8817 and 192704352.
8817
Calculate the greatest common divisor of 1493231320 and 20.
20
Calculate the greatest common factor of 1890 and 7274.
2
Calculate the greatest common divisor of 46 and 89177831.
23
Calculate the greatest common divisor of 13255042 and 62.
62
Calculate the highest common divisor of 7624962 and 54.
54
What is the highest common factor of 90 and 10924710?
30
What is the highest common factor of 37969860 and 1660?
20
What is the highest common divisor of 110 and 106892258?
22
Calculate the greatest common factor of 8264289 and 429.
33
What is the greatest common divisor of 266 and 178866?
38
What is the greatest common factor of 39920 and 122420?
20
Calculate the greatest common factor of 56622545 and 1190.
35
What is the greatest common divisor of 635181656 and 8?
8
What is the highest common factor of 65 and 617546345?
65
What is the highest common divisor of 66843589 and 426?
71
What is the highest common factor of 320568 and 15688?
296
Calculate the highest common divisor of 10428 and 302649.
237
Calculate the greatest common divisor of 55142 and 6478.
158
What is the highest common divisor of 7159784 and 24?
8
Calculate the greatest common factor of 19446 and 2381358.
42
What is the highest common factor of 8874411 and 52?
13
What is the greatest common divisor of 2240 and 2317735?
35
Calculate the highest common factor of 20238 and 163854.
6
What is the greatest common factor of 2760 and 2360145?
345
Calculate the greatest common factor of 20346 and 238221141.
10173
Calculate the greatest common divisor of 1848 and 32588094.
462
What is the greatest common divisor of 1183380 and 11579700?
7260
What is the highest common divisor of 8040 and 327240?
120
What is the highest common factor of 106240 and 15760?
80
Calculate the highest common factor of 10665612 and 6036.
6036
What is the greatest common factor of 629235 and 5231412?
1593
Calculate the highest common factor of 1460 and 249680.
20
Calculate the greatest common divisor of 407587700 and 2600.
1300
What is the greatest common factor of 3124 and 5534024?
284
What is the greatest common divisor of 1 and 17551049?
1
Calculate the greatest common divisor of 810288 and 132731.
331
Calculate the greatest common factor of 355 and 7122455.
5
Calculate the highest common divisor of 199 and 55115239.
199
Calculate the greatest common divisor of 108 and 337270986.
54
What is the highest common divisor of 1815192 and 297432?
1224
Calculate the highest common factor of 31956 and 441354968.
10652
What is the greatest common divisor of 130735635 and 30?
15
Calculate the highest common divisor of 10 and 731048710.
10
What is the highest common divisor of 14237904 and 21742?
3106
What is the greatest common factor of 2938173 and 1862490?
3801
What is the greatest common divisor of 3312086 and 148?
2
What is the greatest common divisor of 1087296 and 172032?
1344
What is the greatest common divisor of 7554642 and 312?
6
Calculate the greatest common divisor of 103664 and 17248.
176
Calculate the highest common factor of 3 and 90970823.
1
Calculate the highest common factor of 1290294 and 450.
18
Calculate the highest common factor of 98686 and 3367408.
2014
What is the highest common factor of 12368 and 27355697?
773
Calculate the highest common factor of 3575 and 23123529.
143
Calculate the highest common factor of 10650 and 69150.
150
Calculate the highest common factor of 553340734 and 10713.
3571
Calculate the greatest common factor of 12204 and 18024856.
452
Calculate the highest common divisor of 13840775 and 370.
185
Calculate the highest common divisor of 658853993 and 2246.
1123
What is the highest common factor of 348168008 and 6464?
808
What is the greatest common factor of 16881262 and 122?
122
What is the greatest common divisor of 775137015 and 6274?
3137
Calculate the greatest common divisor of 22944067 and 34.
17
Calculate the greatest common divisor of 5426625 and 89175.
2175
What is the greatest common divisor of 248334105 and 40020?
10005
Calculate the greatest common divisor of 5334 and 1292905593.
2667
What is the greatest common factor of 16 and 1780325520?
16
Calculate the highest common divisor of 11235 and 37135.
35
Calculate the greatest common factor of 343 and 17546851.
343
Calculate the greatest common factor of 200 and 11608450.
50
Calculate the greatest common factor of 2708390 and 8955.
995
What is the highest common divisor of 116049180 and 5928?
156
What is the greatest common factor of 3293976 and 22008?
168
What is the highest common divisor of 652387 and 13978?
241
What is the highest common divisor of 26088 and 735216?
24
What is the greatest common factor of 5620259 and 5270857?
4261
What is the highest common factor of 1536 and 94020?
12
Calculate the greatest common factor of 190 and 981730.
190
What is the greatest common factor of 3199829 and 207?
23
What is the greatest common divisor of 7616 and 59775808?
1088
What is the greatest common divisor of 462 and 88347039?
33
What is the highest common factor of 774698 and 211558?
1522
Calculate the highest common factor of 153486 and 66.
6
What is the greatest common factor of 262125631 and 1402?
701
What is the highest common divisor of 263691 and 3?
3
What is the highest common divisor of 299874700 and 5?
5
Calculate the greatest common divisor of 510011367 and 16428.
4107
What is the highest common divisor of 73926272 and 2688?
896
What is the greatest common divisor of 3456 and 20421?
9
What is the greatest common divisor of 2112645195 and 45?
45
Calculate the greatest common factor of 333 and 364493.
1
Calculate the greatest common factor of 755454 and 16044.
42
Calculate the highest common factor of 497325 and 31925.
25
What is the greatest common divisor of 3348 and 18696844?
124
Calculate the greatest common divisor of 387 and 94109671.
43
Calculate the highest common divisor of 56076468 and 12.
12
What is the highest common factor of 16703766 and 6?
6
Calculate the greatest common factor of 3270027 and 20223.
321
What is the greatest common divisor of 89488940 and 208828?
12284
What is the greatest common factor of 64536 and 7944?
24
What is the highest common divisor of 363 and 482977?
11
Calculate the highest common divisor of 113100 and 181250.
1450
What is the greatest common factor of 147984 and 20476?
4
What is the greatest common factor of 156532832 and 15616?
1952
Calculate the greatest common divisor of 182 and 8964462.
26
Calculate the highest common factor of 6716 and 95680.
92
Calculate the greatest common divisor of 99 and 17536398.
33
Calculate the highest common divisor of 3861 and 2106351.
351
What is the highest common divisor of 190620 and 75?
15
What is the highest common divisor of 4342 and 5107528?
334
What is the highest common factor of 1592272 and 125994?
1826
Calculate the greatest common factor of 4465827 and 1737.
1737
Calculate the greatest common factor of 21383463 and 13543.
467
What is the greatest common divisor of 282 and 98850870?
282
Calculate the highest common factor of 38505 and 119748.
51
Calculate the greatest common divisor of 55 and 10119055.
5
What is the greatest common factor of 14 and 529615016?
14
Calculate the greatest common divisor of 467422 and 3074.
58
Calculate the greatest common factor of 7680792 and 624.
24
Calculate the highest common factor of 19270 and 1967467.
1927
What is the highest common factor of 1269 and 10835991?
1269
Calculate the greatest common factor of 18452008 and 32652.
3628
What is the highest common divisor of 36 and 2218518270?
18
What is the greatest common divisor of 62133602 and 232?
58
What is the greatest common divisor of 3279 and 655167153?
3279
Calculate the highest common factor of 259 and 45438812.
37
Calculate the greatest common factor of 690027280 and 24315.
8105
Calculate the highest common divisor of 34 and 1565836.
34
Calculate the highest common factor of 8 and 72340960.
8
What is the greatest common divisor of 56529319 and 1078?
77
What is the greatest common factor of 1726191 and 1111?
101
Calculate th